 + 2. Let v(z) = 11*z - z**3 - 3*z**2 - 2 - 24*z + 21*z. Let n be v(-5). Suppose -4*y - 20 = -4*g, -21 = -n*g + 3*g + 3*y. Calculate m(g).
-1
Let k(n) = n**3 + 10*n**2 + 9*n + 2. Let f be k(-9). Let y(p) = -p**2 + 7*p**f - 3 - p**3 + 7*p**2 - 3*p**2 - 8*p. Give y(9).
6
Suppose 2*m + 3*r + 11 = -0, 4*m + 4*r = -12. Suppose -7*c = -6*c - m. Let o(w) = -w**2 + 3*w + 1. Give o(c).
3
Suppose 0 = 5*i - 165 + 30. Let b = -31 + i. Let m(q) = q**3 + 4*q**2 - 2*q - 4. Determine m(b).
4
Let d(n) = 2*n - 2. Let u be d(-1). Let t be -1*(5 + 16/u). Let b(p) = -5*p - 1. What is b(t)?
4
Let b(w) = 18*w + 4. Suppose -9*a + 80 - 89 = 0. Calculate b(a).
-14
Suppose -13 = -5*h - 4*f, 17 = h - 5*f + f. Let i(x) = 0*x**2 - 1188 - 2*x + 1187 + x**2. Calculate i(h).
14
Let t(d) be the first derivative of 3*d**4/4 - d**3/3 + d**2 + 2*d + 212. Determine t(-1).
-4
Let v(i) = -i**3 + 53*i**2 - 135*i**2 - i + 75*i**2 - 5*i + 5 + i. Suppose -2*g + 6 = -3*g. What is v(g)?
-1
Let z(o) be the second derivative of 7*o**3/6 - o**2/2 - 39*o. Give z(1).
6
Suppose -24 = u + 5*n - 7, 2*u + 7 = -n. Let d(a) = a**2 - a - 2. Give d(u).
4
Let d(m) = m**2 + 9*m + 8. Suppose -n + 4 = n. Suppose g - 23 = 4*w, -5*w = -3*w + n*g + 14. What is d(w)?
-10
Let w(n) = -2 - 3*n**2 + 7*n**2 - 5*n**2 - 2*n**3. Let s be 42/10 - 4/(-5). Suppose -s*u - 5*a = -3*a + 16, -5*u - 3*a = 19. What is w(u)?
10
Let a = 7 + -7. Let b be (2 - (a - -3)) + 3. Let v(d) = -d**b + 4*d**2 - 4*d**2 + d. Calculate v(-1).
-2
Let r(x) = 2*x**3 + 7*x - 1. Let t(c) = -2*c**2 + 27*c + 13. Let m be t(14). Let u(f) = f**3 - f**2 + f + 1. Let d(a) = m*r(a) + 3*u(a). What is d(3)?
-8
Let h(d) = 20 + 86*d - 173*d + 88*d. What is h(-9)?
11
Let f(u) = u - 2. Suppose -3*h + 2 + 4 = 0. Suppose -h*l - 2*j = 2*j + 12, -4*j - 12 = 0. Suppose -3*g - 1 - 11 = l. What is f(g)?
-6
Let n(t) = -t**3 + 6*t**2 + 2. Let o be n(6). Suppose -o*k - 4 = 2*k, 0 = 2*y + 2*k - 10. Let m(r) = -2*r - 2*r + 3*r - y. Calculate m(-8).
2
Let o(r) = r**3 + r**2. Suppose f - 1 = -0*f. Let u(l) = -3*l**3 + 2*l**2 + 6*l - 2. Let g(n) = f*u(n) + 2*o(n). Determine g(5).
3
Suppose 0 = -17*a - 20*a - 111. Let s(h) = 0 - 4*h + 3*h + h**2 - 4. What is s(a)?
8
Let o(l) be the third derivative of -l**5/60 - l**4/6 - 7*l**3/6 + 211*l**2. Calculate o(-4).
-7
Let n(r) be the first derivative of -r**3/3 - 7*r**2/2 + 2*r - 28. Suppose 3*o + 11 = -7. Calculate n(o).
8
Let p(g) = g**2 + 10*g + 13. Let z be (51/2)/(6/(-8)). Let s = -43 - z. What is p(s)?
4
Let l(z) be the third derivative of 2*z**4/3 - 8*z**3/3 + 13*z**2. Let d(g) = 3*g - 3. Let v(r) = 11*d(r) - 2*l(r). Calculate v(-4).
-5
Let b(v) = 4*v**3 - 84 + 144 - 61 + v**2. Suppose 0 = 2*t + 5*p + 17, 6 = -3*t - 0*p - p. What is b(t)?
-4
Let p(a) be the first derivative of -a**2/2 + 5*a + 533. What is p(9)?
-4
Let v be 172/(-516) + (-71)/3 + 1. Let z(r) = r**2 + 24*r + 9. What is z(v)?
-14
Let k(t) = -t**2 + 7*t - 11. Let n be k(6). Let b(q) = 2*q + 10*q**3 - 3*q + 11*q**3 - 6*q**2 + 7 - 22*q**3. Give b(n).
-13
Let a(j) be the third derivative of -4*j + 6*j**2 + 1/12*j**4 + 2/3*j**3 + 0. What is a(-3)?
-2
Suppose -8*l + 8 = 80. Let r(o) = o**3 + 9*o**2 - 3*o. Calculate r(l).
27
Let p(s) = 34*s - 3. Let a be p(1). Let m(o) = 31 - 65 + o**2 + a - 5*o. Let c(t) = -t**2 - 7*t - 5. Let n be c(-5). What is m(n)?
-3
Suppose -3*m - r = -0 - 4, 0 = 4*m + 5*r - 20. Let x(j) be the third derivative of j**5/60 + j**4/24 + 3*j**3/2 + 8*j**2. Determine x(m).
9
Suppose -42*x + 107*x + 780 = 0. Let m(l) = l**2 + 16*l - 2. What is m(x)?
-50
Let s(x) = -x**3 - 6*x**2 + 7. Let w(p) = 5*p**3 + 30*p**2 + 3*p - 35. Let n(t) = 11*s(t) + 2*w(t). Give n(-7).
14
Let k(t) be the third derivative of -t**4/8 + 11*t**2. Let i = -1 - -5. Suppose 0 = c + i*h - 19, 0*h + 25 = 5*h. What is k(c)?
3
Suppose q - 6 = -5*q. Let p(f) = 7*f - 2. Let a be p(q). Let w(s) = 2*s**2 + s**2 + 2 - s**3 + 0*s + s + 2*s**2. Give w(a).
7
Let y(w) = w**3 + w**2 + w - 1. Let j(r) = 4*r**3 + 5*r**2 + 4*r. Let s(b) = j(b) - 5*y(b). Let c(p) = -3*p**2 + 106*p + 72. Let m be c(36). Calculate s(m).
5
Let q(j) = j**3 - 6*j**2 - j + 4. Suppose 0*o + 11 = o - 3*v, 3*o - 5*v - 21 = 0. Let s(u) = -u + 11 - 5 - 2*u**2 + u**o + 6*u. Let d be s(5). What is q(d)?
-2
Let m(l) = 2*l - 4. Suppose -35 = -5*t + 5. Suppose -a = -5*a + t. Suppose a*q = -3*u + 8, -2*q - 3*q + 4*u = -20. Determine m(q).
4
Let z(y) = 4*y**3 + y**2. Suppose -4*a - a - 130 = 0. Let l = 32 + a. Let g be 4/l*(-3)/(-2). Give z(g).
5
Let n(a) be the first derivative of -a**2 + 6*a - 37. Determine n(5).
-4
Let g be (-2)/(-9) - 76/18. Let q(v) be the second derivative of 0 + 3/2*v**2 + 7*v - 1/2*v**3. What is q(g)?
15
Let b(q) = -3*q - 13. Let p = -244 - -254. What is b(p)?
-43
Suppose 3*j - 7*j = -20. Suppose -1 = a + j. Let o(s) = 16*s + 9. Let c(q) = 2*q + 1. Let n(p) = a*o(p) + 51*c(p). Calculate n(3).
15
Let m(q) = -q**3 + 9*q**2 - q + 9. Suppose -963*y + 198 = -941*y. Give m(y).
0
Let y(s) = 4*s - 1. Suppose 2*r - 90 = 3*g + g, g + 5*r = 5. Let t(h) = -h**3 - 21*h**2 - 20*h + 1. Let l be t(g). Give y(l).
3
Let b(m) = -11*m**3 - 8*m**2 + 2*m - 9. Let c(j) = 14*j**3 + 9*j**2 - 3*j + 10. Let a(t) = 5*b(t) + 4*c(t). Determine a(4).
-13
Let o(d) be the first derivative of 2*d**2 - d + 2. Suppose 11*h + 45 - 23 = 0. What is o(h)?
-9
Let o be 1 + 4 + -1 + 2. Let s(j) = -16*j - 14*j - 12*j + 44*j + 1. What is s(o)?
13
Let p be (-44)/(-3) + (-1)/(-3). Suppose 5*o = 2*s - s - p, 4*s - 3*o - 26 = 0. Let y(h) = h**3 - 5*h**2 - 6. Give y(s).
-6
Let t(o) be the second derivative of -o**5/20 + 5*o**4/6 + o**3/6 - 4*o**2 - 3*o + 4. Give t(10).
2
Let f(j) = j**2 + 3*j - 4. Let q(c) = -c**2 - 18*c + 19. Let n be q(-23). Let o = n - -91. Calculate f(o).
6
Let a(w) = -5*w - 11. Suppose -54 + 42 = 4*m. Give a(m).
4
Let d(m) be the first derivative of -m**4/4 - 2*m**3 - 2*m**2 + 3*m + 27. Let t be d(-5). Let k(o) = o**2 + 2*o + 2. Determine k(t).
2
Let g(d) = -d - 3. Let j(p) = 2*p**3 + 9*p**2 - 18*p - 10. Let n(v) = v**3 + 5*v**2 - 9*v - 5. Let u(m) = -6*j(m) + 11*n(m). Let z be u(4). Give g(z).
4
Let g(u) be the first derivative of -u**3/3 - u**2/2 - 1. Let t(n) = 4*n. Let x be t(-4). Let a = x + 13. What is g(a)?
-6
Let q(d) = d**3 + 2*d**2 + 4*d + 2. Suppose -3 - 10 = -5*m - z, -2*m - 2*z = -2. Suppose -9 + m = 3*k. Calculate q(k).
-6
Let j(r) be the third derivative of r**8/6720 + r**7/420 + r**6/120 - r**5/20 + r**4/24 - 13*r**2. Let f(a) be the second derivative of j(a). Calculate f(-5).
-11
Let v(x) = x + 43. Let l be v(-41). Let z(p) be the first derivative of p - 3 - 8/3*p**3 + p**l. Give z(-1).
-9
Let j(s) = 4*s + 5. Let v be ((-15)/(-6))/(25/(-20)). Determine j(v).
-3
Suppose -3*m + 54*j = 56*j - 7, -2*m = 3*j - 13. Suppose b + 1 - 2 = 0. Let o(w) = b - 5*w - 2 - 4*w. Calculate o(m).
8
Suppose 3*x - 5 = 2*x + p, p = -5. Let g(a) be the first derivative of a**3/3 - a**2/2 - 3*a - 4. Determine g(x).
-3
Suppose -3*i - 2*k = i + 6, 4*i = 4*k + 12. Let g(r) = -r**3 + r + 4. Let j be g(i). Let s(n) = -j*n - 2*n**2 + n - n + n. Give s(-3).
-9
Let f(u) be the first derivative of u**3/3 - u**2/2 + 2*u - 3. Let m be 1/2 - (-4 - (-268)/(-8)). Let z = m - 38. Determine f(z).
2
Let i = 40 + -41. Let j be 1/3 - 57/9. Let k(h) = 7*h**2. Let o(r) = 4*r**2. Let a(s) = j*k(s) + 10*o(s). Determine a(i).
-2
Let w be 4 - (4 + -5)*-2. Suppose 5*c + 15 - 2 = w*f, 5*f - 19 = -c. Let b(t) = 7*t**2 + 1. Give b(c).
8
Let q(s) = s. Let r be 12/2 + 0 - 0. Give q(r).
6
Suppose -3*w = 14 - 65. Let p(n) = 22 + 19 + 5*n - 59 + w. Give p(1).
4
Suppose -o = -3*w + 3 - 12, 3*w + 27 = -5*o. Let r be (3 + w + 0)/((-1)/(-3)). Let i(g) = g**2 + 3*g + 3. Calculate i(r).
3
Let o(k) = 6*k**2 - k**2 - 2*k**2 - 4*k**2 - 8 - 14*k. Suppose 72*y = 252 - 1188. Give o(y).
5
Let u(z) = -z**2 + z - 9. Suppose 0*o - 27 = -3*s - 3*o, s - 5 = -5*o. Suppose -s*g = -g. Determine u(g).
-9
Let s(q) = 2 + 2*q**3 + 0*q**3 - 3*q**3 - 3*q**2 + 4*q. Suppose -5*l + 15 = -4*i, 5*l + 15 = 11*i - 13*i. Let j be l - (-4 - 1/((-1)/7)). Give s(j).
2
Let k(w) = 3*w + 8. Suppose -10*j - 74 + 454 = 0. Let y = j + -44. Calculate k(y).
-10
Let t(y) be the third derivative of y**6/360 - 7*y**5/120 - 2*y**4 + 46*y**2. Let b(a) be the second derivative of t(a). Determine b(5).
3
Suppose -5 - 1 = -